se
Let f(b) = -b**2 - 5*b + 6. Let a be f(-6). Suppose -j + 6*j - 15 = a. Suppose -3*z + 38 = g, -g - 5*z = -j*g + 65. Is g prime?
False
Suppose -x - 106 = 4*n, -4*x - 598 = x + 3*n. Let h = x - -313. Is h composite?
False
Suppose -120 = -2*y - 2*y. Suppose 0 = -w + 3*w - y. Is w prime?
False
Suppose 3*j - 5 = 2*j. Suppose -485 = -j*f - g + 3*g, -3*g - 395 = -4*f. Is f prime?
False
Suppose 2 = 5*t - q - q, 0 = -t + 5*q - 18. Is ((-11)/(-22))/(t/1052) composite?
False
Suppose -2*p = 0, 95 + 541 = 4*t - 3*p. Is (t/(-6))/(3/(-6)) composite?
False
Let b(j) = -j + 323. Is b(0) prime?
False
Let v(j) = -1039*j - 22. Is v(-3) composite?
True
Suppose -3*d + 16 = -4*s, 0*d = d - 4*s - 8. Suppose 4*v - 2*v = 6, -d*p + 3*v + 47 = 0. Is (-6 + 0)*p/(-4) a prime number?
False
Let n(y) = -y**3 + 5*y**2 + 2*y + 5. Is n(-4) composite?
True
Let p = -312 + 485. Let r = 158 + p. Is r a composite number?
False
Let v(i) = -9*i**2 + i. Let c be v(2). Is c/(-153) + 583/9 a prime number?
False
Is 7*((-30)/(-1) + -1) composite?
True
Let j(g) = 5*g - 3. Let f be 20/16*(4 - 0). Is j(f) composite?
True
Suppose -4*g + 12 = 0, y - 608 + 105 = -4*g. Is y prime?
True
Let r(a) = a**2 + a + 1. Is r(-5) a prime number?
False
Let g(m) = m**3 + 5*m**2 - 5*m + 3. Let q be g(-5). Suppose 0*z = -z + u + q, 3*u = 15. Is z prime?
False
Let v be (-4)/(-18) - (-34)/9. Suppose h + 1 = v. Is h a composite number?
False
Let n(r) = r**2 + 5*r**2 - 2*r + r**3 + 6 + 8*r. Let w(i) = -i**2 - 7*i - 14. Let d be w(-5). Is n(d) composite?
True
Let p(b) = 3*b**3 - 9*b**2 + 2*b - 1. Let r(i) = 5*i**3 - 17*i**2 + 4*i - 3. Let q(k) = 7*p(k) - 4*r(k). Let l be 20/6*9/(-6). Is q(l) composite?
True
Let f(o) = -93*o - 1. Is f(-2) prime?
False
Suppose -5*m - 34 + 104 = 0. Is m prime?
False
Let q = -19 + 21. Suppose -z - 4*t + 135 = -q, -5*z = -5*t - 585. Is z prime?
False
Suppose 3 = -a - 3*d + d, -4*a + 3*d = -43. Suppose -3*y - 105 = -3*o, 4*y = 3*o - a*o + 140. Suppose -7 - 7 = -2*h + x, -5*h + o = 3*x. Is h prime?
True
Let b be 20/6 + 2/(-6). Suppose 5*g + 339 = 2*v, 0*g + 171 = v - b*g. Let h = v - 115. Is h a composite number?
False
Let l be 4/(3 - 15/6). Let p be ((-1)/(-2))/(l/4752). Suppose 2*s + 263 = 5*a, 5*s - p = -4*a - 80. Is a prime?
True
Suppose 3*f - 140 = 2*f + 3*n, -5*f - 4*n + 643 = 0. Is f composite?
False
Let o = 299 + -48. Is o a composite number?
False
Suppose -2*g = -6*g + 120. Suppose -2*s - 4*l + 0*l = -10, -5*l = 5*s - g. Is s a composite number?
False
Suppose 0 = -3*d + 5*y + 4, 2*y - 11 = 3*d - 0. Let p = d + 16. Suppose 36 + p = 5*o. Is o a composite number?
True
Suppose 13 = 3*x - 2*x + 4*y, 0 = 5*x - 2*y + 1. Is 12/(x - 4) - -813 a composite number?
False
Let x(o) = -6 + 2*o**2 + 6 - o. Let q be (-4)/2*(0 - 1). Is x(q) a composite number?
True
Let w(a) = 12*a + 9. Let b(f) = 8*f + 6. Let h(o) = -8*b(o) + 5*w(o). Is h(-6) composite?
True
Let s = 321 + -73. Is 7/(84/s)*3 prime?
False
Let i(a) = -147*a + 2. Is i(-5) composite?
True
Suppose -5*n + s + 2*s = -942, -n + 194 = -2*s. Suppose -4*a = 2*w - 1316, -w = -3*a + 1183 - n. Is a a prime number?
True
Let i(m) = m**2 + 4*m - 1. Let g be i(-5). Suppose 2*p - 30 + g = 0. Is p/((3/(-17))/(-3)) a composite number?
True
Is 0 - (1 + -2 + -504) a composite number?
True
Let p(m) = -361*m - 22. Is p(-5) composite?
False
Let r(i) = 58*i - 3. Is r(5) a composite number?
True
Let d(w) = 14*w**2 + 4*w - 17. Is d(3) prime?
False
Let s(n) = -20*n**3 - n**2 - n - 1. Suppose 5*l - 3 - 7 = 0. Suppose 0 = l*m + g - 1, 2*m - 6*g + 4*g = -8. Is s(m) composite?
False
Suppose 0 = u + g - 351, 5*g - 171 = -u + 172. Is u a composite number?
False
Suppose 0 = v - 3*p - 15, -v - 4*p = -6*p - 18. Suppose 10 + v = 3*i + 4*m, -3*m = 5*i - 53. Is i prime?
False
Let s = -13 + 304. Suppose 3*x - 2*j + s = j, -2*x - 3*j - 199 = 0. Let o = x + 167. Is o a composite number?
True
Let j(o) = -o**3 - 3*o**2 - 2*o - 7. Let i = -3 + -2. Is j(i) composite?
False
Let h(c) = -42*c**3 + 4*c + 2. Let o be h(-3). Let k = o - 532. Let g = k - 369. Is g prime?
True
Suppose -2288 = -7*k + 3403. Is k prime?
False
Suppose 0 = 5*s - 4*s. Suppose s = -5*q + 290 + 90. Suppose q = o + o. Is o a prime number?
False
Let f = -1 + 3. Suppose -4*q = 20, -5*k + f*q + 111 - 6 = 0. Let j = k + 34. Is j a composite number?
False
Suppose w + 4 = 2*n + 3*w, 2*w = n + 4. Suppose 5*t - 194 - 91 = n. Is t composite?
True
Suppose 0 = c + 5*j - 2605, -2*c + c = 3*j - 2605. Is c a composite number?
True
Let f be 36/24*(-8)/(-3). Let d(m) = 2*m**2 - 3*m + 3. Is d(f) a prime number?
True
Suppose -81 = 5*a - 21. Let b = -5 - a. Is b a composite number?
False
Let p be 8/(-12) + (-4)/(-6). Let s be -5*(p/(-2) - 1). Suppose s = t - 6. Is t prime?
True
Suppose -14*s = -15233 - 18521. Is s a composite number?
False
Suppose 4*y = -y. Suppose y = -3*j + 4 + 2. Suppose -3*c + 5*c + 56 = 5*p, -j*c + 14 = 2*p. Is p prime?
False
Suppose -d + 12 + 10 = 0. Suppose 5 = 5*m - 5. Suppose d = m*n - 6. Is n prime?
False
Let s = -142 - -707. Is s composite?
True
Let j = -3 + -1. Let t = 6 + j. Suppose 3*u + t*b = b + 29, -5*u - 5*b = -35. Is u a prime number?
True
Suppose -2*b + 4*j - 5 = 1, 6 = 4*b + j. Is b/(-5) + 2230/25 a composite number?
False
Let f be (-4)/14 - (-901)/(-7). Let m = -67 - -87. Let d = m - f. Is d prime?
True
Suppose q - 2 = -0*q. Is (1251 - 7)*q/8 prime?
True
Suppose -27*v = -22*v - 15545. Is v composite?
False
Suppose 22891 = -0*n + 11*n. Is n a composite number?
False
Suppose 5*p - 9010 - 3555 = 0. Is p prime?
False
Is -1515*(20/12 + -2) composite?
True
Suppose -5*n + 0 = -20, -991 = -5*j + n. Is j a prime number?
True
Let c(j) = j**3 + 8*j**2 + 6*j + 6. Suppose -17 = o + 2*f - 0*f, 2*o = -3*f - 29. Is c(o) a composite number?
False
Let g(f) = 18*f + 7. Suppose -4*q = 5*k - 3*k - 38, 5*q - 10 = 5*k. Is g(q) composite?
True
Let t(m) = -237*m + 1. Let c be t(-1). Suppose -2*f - 5*q + c = 0, q = 3*f - 4*f + 113. Is f prime?
True
Suppose 0 = -3*b + 2*a + 547, 4*a + 582 + 333 = 5*b. Is b a prime number?
True
Is (2 + -1)/(11/3707) composite?
False
Let z = -7 + 3. Let g = z + 7. Is g a composite number?
False
Let a(b) = 90*b + 13. Is a(6) prime?
False
Let x be ((-62)/(-5))/((-2)/10). Let d = x + 185. Is d a composite number?
True
Let k(r) = -40*r**3 + r. Is k(-1) a prime number?
False
Suppose -q + 0 + 4 = 0. Is 1/q - (-1478)/8 prime?
False
Let t be (1 - 0) + (-2)/(-1). Suppose -3*x = t - 18. Suppose -1 = 3*q - 5*q + x*a, -37 = -4*q + 3*a. Is q a prime number?
True
Let h(d) = d**3 - 9*d**2 + 10*d. Let o be h(8). Let v = -8 + o. Let k(s) = 6*s + 7. Is k(v) prime?
False
Let d(c) = 43*c**2 + 9*c - 30*c**2 - 9 - c**3 + 2*c. Is d(10) a composite number?
False
Suppose 0 = 4*m - z + 113, -5*z + 52 = -2*m + m. Is (-1339)/(-9) - 6/m a composite number?
False
Suppose 2*y - 535 = 5*k, 4*y = y. Let f = k + 190. Is f a composite number?
False
Suppose 4*s - 215 - 61 = 0. Let v = s + -38. Is v a prime number?
True
Let r(q) = 64*q**2 + 22*q**2 + 0*q + q - 1. Let t be r(1). Let z = t - 49. Is z a prime number?
True
Let v(w) = -w**2 + 4*w + 1 + 4*w - 4*w. Let f be v(3). Suppose 2*u + j + 10 - 81 = 0, 5*u - f*j = 197. Is u a composite number?
False
Let x be (2 + -4)*(-1)/(-2). Let u be 274 + (x - 0)*0. Suppose d = 2, 4*m + 58 - u = -2*d. Is m a prime number?
True
Let y(x) = -x + 5. Let a be y(5). Suppose 0 = -g + 3*o - 23, g + 23 = -2*o - a*o. Let f = 96 - g. Is f a prime number?
False
Let r = -44 - -23. Let u = 35 + r. Is u prime?
False
Let r(u) = 61*u**3 + 3*u**2 - 2*u + 1. Let q be r(2). Is (-5)/(-30) + q/6 prime?
True
Suppose 3*c + g + 5102 = -3*g, 3373 = -2*c + 3*g. Suppose 4*u - 50 = -2*y, -y + 2*u = -3*y + 52. Is c/(-8) - y/36 composite?
False
Suppose -o + 10 = 4*o. Suppose 3*h = -3*w + 708, -5*h - o*w = -6*h + 233. Is h composite?
True
Let p(q) = -q**2 - 11*q - 13. Let c be p(-9). Let y(a) = a**3 - 2*a**2 + 5*a - 5. Is y(c) a composite number?
True
Let o(q) = -q**2 + 4*q + 4. Let u be o(4). Suppose u*k - 502 = -2*m, -3*m + 2*k = -583 - 194. Is m a composite number?
False
Let o = 3 + -2. Suppose 2*v = 2*j - 3 + o, -4*v - 2*j = -20. Suppose 0 = v*n - 21 - 36. Is n a composite number?
False
Suppose -5*j - 92 = -j. Suppose 0 = 4*w - 26 + 10, -5*w = -4*n + 252. Let t = n - j. Is t a composite number?
True
Let z = 4